{"id":1115,"date":"2022-03-23T08:24:20","date_gmt":"2022-03-23T08:24:20","guid":{"rendered":"https:\/\/staging-nicktesting.kinsta.cloud\/travel\/?page_id=1115"},"modified":"2024-01-01T00:31:15","modified_gmt":"2024-01-01T00:31:15","slug":"about-me","status":"publish","type":"page","link":"https:\/\/blog.matczak.me\/index.php\/about-me\/","title":{"rendered":"About Me"},"content":{"rendered":"\t\t<div data-elementor-type=\"wp-page\" data-elementor-id=\"1115\" class=\"elementor elementor-1115\">\n\t\t\t\t\t\t\t\t\t<section class=\"elementor-section elementor-top-section elementor-element elementor-element-6f3c334 elementor-section-full_width elementor-section-stretched elementor-section-height-min-height elementor-section-height-default elementor-section-items-middle wpr-particle-no wpr-jarallax-no wpr-parallax-no wpr-sticky-section-no\" data-id=\"6f3c334\" data-element_type=\"section\" data-settings=\"{&quot;stretch_section&quot;:&quot;section-stretched&quot;}\">\n\t\t\t\t\t\t<div class=\"elementor-container elementor-column-gap-default\">\n\t\t\t\t\t<div class=\"elementor-column elementor-col-100 elementor-top-column elementor-element elementor-element-09df689\" data-id=\"09df689\" data-element_type=\"column\">\n\t\t\t<div class=\"elementor-widget-wrap elementor-element-populated\">\n\t\t\t\t\t\t\t\t<div class=\"elementor-element elementor-element-654bc75 elementor-widget elementor-widget-image\" data-id=\"654bc75\" data-element_type=\"widget\" data-widget_type=\"image.default\">\n\t\t\t\t<div class=\"elementor-widget-container\">\n\t\t\t<style>\/*! elementor - v3.16.0 - 17-10-2023 *\/\n.elementor-widget-image{text-align:center}.elementor-widget-image a{display:inline-block}.elementor-widget-image a img[src$=\".svg\"]{width:48px}.elementor-widget-image img{vertical-align:middle;display:inline-block}<\/style>\t\t\t\t\t\t\t\t\t\t\t\t<img loading=\"lazy\" decoding=\"async\" width=\"960\" height=\"244\" src=\"https:\/\/blog.matczak.me\/wp-content\/uploads\/2023\/12\/headline-about-me-v1-1024x260.jpg\" class=\"attachment-large size-large wp-image-1860\" alt=\"My name is Anna and this is the secret sign of the EDS club.\" srcset=\"https:\/\/blog.matczak.me\/wp-content\/uploads\/2023\/12\/headline-about-me-v1-1024x260.jpg 1024w, https:\/\/blog.matczak.me\/wp-content\/uploads\/2023\/12\/headline-about-me-v1-300x76.jpg 300w, https:\/\/blog.matczak.me\/wp-content\/uploads\/2023\/12\/headline-about-me-v1-768x195.jpg 768w, https:\/\/blog.matczak.me\/wp-content\/uploads\/2023\/12\/headline-about-me-v1-1536x389.jpg 1536w, https:\/\/blog.matczak.me\/wp-content\/uploads\/2023\/12\/headline-about-me-v1-2048x519.jpg 2048w\" sizes=\"auto, (max-width: 960px) 100vw, 960px\" \/>\t\t\t\t\t\t\t\t\t\t\t\t\t\t\t<\/div>\n\t\t\t\t<\/div>\n\t\t\t\t\t<\/div>\n\t\t<\/div>\n\t\t\t\t\t\t\t<\/div>\n\t\t<\/section>\n\t\t\t\t<section class=\"elementor-section elementor-top-section elementor-element elementor-element-4d53d02 elementor-section-boxed elementor-section-height-default elementor-section-height-default wpr-particle-no wpr-jarallax-no wpr-parallax-no wpr-sticky-section-no\" data-id=\"4d53d02\" data-element_type=\"section\">\n\t\t\t\t\t\t<div class=\"elementor-container elementor-column-gap-default\">\n\t\t\t\t\t<div class=\"elementor-column elementor-col-100 elementor-top-column elementor-element elementor-element-e39dccf\" data-id=\"e39dccf\" data-element_type=\"column\">\n\t\t\t<div class=\"elementor-widget-wrap elementor-element-populated\">\n\t\t\t\t\t\t\t\t<div class=\"elementor-element elementor-element-d7d3398 elementor-drop-cap-yes elementor-drop-cap-view-default elementor-widget elementor-widget-text-editor\" data-id=\"d7d3398\" data-element_type=\"widget\" data-settings=\"{&quot;drop_cap&quot;:&quot;yes&quot;}\" data-widget_type=\"text-editor.default\">\n\t\t\t\t<div class=\"elementor-widget-container\">\n\t\t\t<style>\/*! elementor - v3.16.0 - 17-10-2023 *\/\n.elementor-widget-text-editor.elementor-drop-cap-view-stacked .elementor-drop-cap{background-color:#69727d;color:#fff}.elementor-widget-text-editor.elementor-drop-cap-view-framed .elementor-drop-cap{color:#69727d;border:3px solid;background-color:transparent}.elementor-widget-text-editor:not(.elementor-drop-cap-view-default) .elementor-drop-cap{margin-top:8px}.elementor-widget-text-editor:not(.elementor-drop-cap-view-default) .elementor-drop-cap-letter{width:1em;height:1em}.elementor-widget-text-editor .elementor-drop-cap{float:left;text-align:center;line-height:1;font-size:50px}.elementor-widget-text-editor .elementor-drop-cap-letter{display:inline-block}<\/style>\t\t\t\t<p>Cze\u015b\u0107, to ja, Anna, idea \u017ceby zacz\u0105\u0107 pisa\u0107 poniek\u0105d zrodzi\u0142a si\u0119 w drugiej po\u0142owie 2021 roku, kiedy to dosta\u0142am diagnoz\u0119, a nawet dwie. Ale, od pocz\u0105tku, odk\u0105d pami\u0119tam, moje cia\u0142o dzia\u0142a\u0142o nieco inaczej ni\u017c bym chcia\u0142a.<\/p><p>Wi\u0119c kiedy wreszcie samodzielnie trafi\u0142am na trop co to mo\u017ce by\u0107 i znalaz\u0142am lekarza, kt\u00f3ry przez p\u00f3\u0142torej godziny s\u0142ucha\u0142 o tym co si\u0119 dzieje z moim cia\u0142em, by\u0142am jednocze\u015bnie przera\u017cona i podekscytowana.\u00a0<\/p><p>Wreszcie kto\u015b mi uwierzy\u0142!\u00a0<\/p><p>Bardzo szybko okaza\u0142o si\u0119, \u017ce ma\u0142o jest wiedzy na ten temat, zar\u00f3wno lekarze cz\u0119sto nie wiedz\u0105 co to jest, nie ma holistycznych zespo\u0142\u00f3w, wi\u0119c z ka\u017cd\u0105 rzecz\u0105 musz\u0119 i\u015b\u0107 oddzielnie i szuka\u0107 kogo\u015b, kto si\u0119 zna&#8230; Takie co\u015b powoduje, \u017ce cz\u0119sto czuj\u0119 si\u0119 tym przyt\u0142oczona, bezsilna i samotna. Dlatego pisz\u0119, by\u0107 mo\u017ce kto\u015b z Was dosta\u0142 t\u0119 diagnoz\u0119 i nie wie, kt\u00f3r\u0119dy do przodu. Je\u017celi masz diagnoz\u0119 czy to Zespo\u0142u Ehlersa-Danlosa, czy innej rzadkiej choroby, to wiedz, \u017ce nie jeste\u015b z tym sam\/a\/o, ja jestem te\u017c.<\/p>\t\t\t\t\t\t<\/div>\n\t\t\t\t<\/div>\n\t\t\t\t\t<\/div>\n\t\t<\/div>\n\t\t\t\t\t\t\t<\/div>\n\t\t<\/section>\n\t\t\t\t<section class=\"elementor-section elementor-top-section elementor-element elementor-element-a71860c elementor-section-boxed elementor-section-height-default elementor-section-height-default wpr-particle-no wpr-jarallax-no wpr-parallax-no wpr-sticky-section-no\" data-id=\"a71860c\" data-element_type=\"section\">\n\t\t\t\t\t\t<div class=\"elementor-container elementor-column-gap-default\">\n\t\t\t\t\t<div class=\"elementor-column elementor-col-50 elementor-top-column elementor-element elementor-element-4050c71\" data-id=\"4050c71\" data-element_type=\"column\">\n\t\t\t<div class=\"elementor-widget-wrap elementor-element-populated\">\n\t\t\t\t\t\t\t\t<div class=\"elementor-element elementor-element-eb80421 elementor-widget elementor-widget-text-editor\" data-id=\"eb80421\" data-element_type=\"widget\" data-widget_type=\"text-editor.default\">\n\t\t\t\t<div class=\"elementor-widget-container\">\n\t\t\t\t\t\t\t<p>Hi, I&#8217;m Anna. The idea to start writing was born in the second half of 2021, when I finally got my diagnosis. Well, actually two of them. But let me get back to the start. Ever since I remember my body had issues, it just didn&#8217;t want to work the way I considered normal.&nbsp;<\/p>\n<p>So many years later, when I finally found a&nbsp; trace, something that would connect all of that and a properly professional doctor, who patiently listened to me I was excited and frightened at the same time.&nbsp;<\/p><p>Finally someone who believes me!&nbsp;<\/p><p>Quickly I learned that there are no holistic teams to treat people with such complex conditions, so with each body part I need to search for good professional&#8230; All of this made me feel overwhelmed, scared and lonely with all of that. That&#8217;s why I write, so if any of you is going through similar thing &#8211; just to let you know, you&#8217;re not alone.<\/p>\t\t\t\t\t\t<\/div>\n\t\t\t\t<\/div>\n\t\t\t\t<section class=\"elementor-section elementor-inner-section elementor-element elementor-element-f898d01 elementor-section-boxed elementor-section-height-default elementor-section-height-default wpr-particle-no wpr-jarallax-no wpr-parallax-no wpr-sticky-section-no\" data-id=\"f898d01\" data-element_type=\"section\">\n\t\t\t\t\t\t<div class=\"elementor-container elementor-column-gap-default\">\n\t\t\t\t\t<div class=\"elementor-column elementor-col-100 elementor-inner-column elementor-element elementor-element-c2252ea\" data-id=\"c2252ea\" data-element_type=\"column\">\n\t\t\t<div class=\"elementor-widget-wrap elementor-element-populated\">\n\t\t\t\t\t\t\t\t<div class=\"elementor-element elementor-element-ea1bcba elementor-widget-divider--view-line elementor-widget elementor-widget-divider\" data-id=\"ea1bcba\" data-element_type=\"widget\" data-widget_type=\"divider.default\">\n\t\t\t\t<div class=\"elementor-widget-container\">\n\t\t\t<style>\/*! elementor - v3.16.0 - 17-10-2023 *\/\n.elementor-widget-divider{--divider-border-style:none;--divider-border-width:1px;--divider-color:#0c0d0e;--divider-icon-size:20px;--divider-element-spacing:10px;--divider-pattern-height:24px;--divider-pattern-size:20px;--divider-pattern-url:none;--divider-pattern-repeat:repeat-x}.elementor-widget-divider .elementor-divider{display:flex}.elementor-widget-divider .elementor-divider__text{font-size:15px;line-height:1;max-width:95%}.elementor-widget-divider .elementor-divider__element{margin:0 var(--divider-element-spacing);flex-shrink:0}.elementor-widget-divider .elementor-icon{font-size:var(--divider-icon-size)}.elementor-widget-divider .elementor-divider-separator{display:flex;margin:0;direction:ltr}.elementor-widget-divider--view-line_icon .elementor-divider-separator,.elementor-widget-divider--view-line_text .elementor-divider-separator{align-items:center}.elementor-widget-divider--view-line_icon .elementor-divider-separator:after,.elementor-widget-divider--view-line_icon .elementor-divider-separator:before,.elementor-widget-divider--view-line_text .elementor-divider-separator:after,.elementor-widget-divider--view-line_text .elementor-divider-separator:before{display:block;content:\"\";border-bottom:0;flex-grow:1;border-top:var(--divider-border-width) var(--divider-border-style) var(--divider-color)}.elementor-widget-divider--element-align-left .elementor-divider .elementor-divider-separator>.elementor-divider__svg:first-of-type{flex-grow:0;flex-shrink:100}.elementor-widget-divider--element-align-left .elementor-divider-separator:before{content:none}.elementor-widget-divider--element-align-left .elementor-divider__element{margin-left:0}.elementor-widget-divider--element-align-right .elementor-divider .elementor-divider-separator>.elementor-divider__svg:last-of-type{flex-grow:0;flex-shrink:100}.elementor-widget-divider--element-align-right .elementor-divider-separator:after{content:none}.elementor-widget-divider--element-align-right .elementor-divider__element{margin-right:0}.elementor-widget-divider:not(.elementor-widget-divider--view-line_text):not(.elementor-widget-divider--view-line_icon) .elementor-divider-separator{border-top:var(--divider-border-width) var(--divider-border-style) var(--divider-color)}.elementor-widget-divider--separator-type-pattern{--divider-border-style:none}.elementor-widget-divider--separator-type-pattern.elementor-widget-divider--view-line .elementor-divider-separator,.elementor-widget-divider--separator-type-pattern:not(.elementor-widget-divider--view-line) .elementor-divider-separator:after,.elementor-widget-divider--separator-type-pattern:not(.elementor-widget-divider--view-line) .elementor-divider-separator:before,.elementor-widget-divider--separator-type-pattern:not([class*=elementor-widget-divider--view]) .elementor-divider-separator{width:100%;min-height:var(--divider-pattern-height);-webkit-mask-size:var(--divider-pattern-size) 100%;mask-size:var(--divider-pattern-size) 100%;-webkit-mask-repeat:var(--divider-pattern-repeat);mask-repeat:var(--divider-pattern-repeat);background-color:var(--divider-color);-webkit-mask-image:var(--divider-pattern-url);mask-image:var(--divider-pattern-url)}.elementor-widget-divider--no-spacing{--divider-pattern-size:auto}.elementor-widget-divider--bg-round{--divider-pattern-repeat:round}.rtl .elementor-widget-divider .elementor-divider__text{direction:rtl}.e-con-inner>.elementor-widget-divider,.e-con>.elementor-widget-divider{width:var(--container-widget-width,100%);--flex-grow:var(--container-widget-flex-grow)}<\/style>\t\t<div class=\"elementor-divider\">\n\t\t\t<span class=\"elementor-divider-separator\">\n\t\t\t\t\t\t<\/span>\n\t\t<\/div>\n\t\t\t\t<\/div>\n\t\t\t\t<\/div>\n\t\t\t\t<div class=\"elementor-element elementor-element-0271aa5 elementor-widget elementor-widget-text-editor\" data-id=\"0271aa5\" data-element_type=\"widget\" data-widget_type=\"text-editor.default\">\n\t\t\t\t<div class=\"elementor-widget-container\">\n\t\t\t\t\t\t\t<p>&#8222;My joints are very social &#8211; they go out more often than I do.&#8221;<\/p><p>&#8222;Moje stawy s\u0105 rozrywkowe &#8211; wychodz\u0105 cz\u0119\u015bciej ni\u017c ja.&#8221;<\/p>\t\t\t\t\t\t<\/div>\n\t\t\t\t<\/div>\n\t\t\t\t\t<\/div>\n\t\t<\/div>\n\t\t\t\t\t\t\t<\/div>\n\t\t<\/section>\n\t\t\t\t<div class=\"elementor-element elementor-element-8453ca2 elementor-widget elementor-widget-text-editor\" data-id=\"8453ca2\" data-element_type=\"widget\" data-widget_type=\"text-editor.default\">\n\t\t\t\t<div class=\"elementor-widget-container\">\n\t\t\t\t\t\t\t<p>I will be sharing here my daily life struggles &#8211; juggling the spoons to make it though the day, also my journey, how I got here, my relations with doctors.\u00a0 Some hints and tips that work for me, how I cope with gief over the life I will never have and more.<\/p><p>Tu b\u0119d\u0119 opisywa\u0142a jak si\u0119 z tym wszystkim \u017cyje &#8211; \u017colglowanie \u0142y\u017ckami, \u017ceby jako\u015b dogania\u0107 zdrowych neurotypikals\u00f3w. Opisz\u0119 te\u017c jak wygl\u0105da\u0142a moja droga do tego miejsca, skomplikowane relacje z lekarzami. Jak r\u00f3wnie\u017c moje tricki i sztuczki, kt\u00f3re u\u0142atwiaj\u0105 mi \u017cycie i to jak radz\u0119 sobie z \u017ca\u0142ob\u0105 za \u017cyciem, kt\u00f3rego nigdy nie b\u0119d\u0119 mia\u0142a.<\/p>\t\t\t\t\t\t<\/div>\n\t\t\t\t<\/div>\n\t\t\t\t\t<\/div>\n\t\t<\/div>\n\t\t\t\t<div class=\"elementor-column elementor-col-50 elementor-top-column elementor-element elementor-element-4cba0f0\" data-id=\"4cba0f0\" data-element_type=\"column\">\n\t\t\t<div class=\"elementor-widget-wrap elementor-element-populated\">\n\t\t\t\t\t\t\t\t<div class=\"elementor-element elementor-element-01a4609 elementor-widget elementor-widget-image\" data-id=\"01a4609\" data-element_type=\"widget\" data-widget_type=\"image.default\">\n\t\t\t\t<div class=\"elementor-widget-container\">\n\t\t\t\t\t\t\t\t\t\t\t\t\t\t\t<img loading=\"lazy\" decoding=\"async\" width=\"770\" height=\"1024\" src=\"https:\/\/blog.matczak.me\/wp-content\/uploads\/2023\/12\/photo_2023-12-31_18-51-22-770x1024.jpg\" class=\"attachment-large size-large wp-image-1839\" alt=\"\" srcset=\"https:\/\/blog.matczak.me\/wp-content\/uploads\/2023\/12\/photo_2023-12-31_18-51-22-770x1024.jpg 770w, https:\/\/blog.matczak.me\/wp-content\/uploads\/2023\/12\/photo_2023-12-31_18-51-22-226x300.jpg 226w, https:\/\/blog.matczak.me\/wp-content\/uploads\/2023\/12\/photo_2023-12-31_18-51-22-768x1021.jpg 768w, https:\/\/blog.matczak.me\/wp-content\/uploads\/2023\/12\/photo_2023-12-31_18-51-22.jpg 963w\" sizes=\"auto, (max-width: 770px) 100vw, 770px\" \/>\t\t\t\t\t\t\t\t\t\t\t\t\t\t\t<\/div>\n\t\t\t\t<\/div>\n\t\t\t\t<div class=\"elementor-element elementor-element-4c906e4 elementor-widget elementor-widget-text-editor\" data-id=\"4c906e4\" data-element_type=\"widget\" data-widget_type=\"text-editor.default\">\n\t\t\t\t<div class=\"elementor-widget-container\">\n\t\t\t\t\t\t\t<p>Me &#8211; Anna, autistic, ADHD and Ehlers-Danlos Syndrome and I hope this list is already complete. &#8222;There is no spoon and I&#8217;m the one who bends.&#8221;<\/p><p>Ja &#8211; Anna, autystka, ADHD i Zesp\u00f3\u0142 Ehlersa-Danlosa, mam nadziej\u0119, \u017ce ta lista jest ju\u017c kompletna. &#8222;Nie ma \u017cadnej \u0142y\u017cki i to ja si\u0119 wyginam.&#8221;<\/p>\t\t\t\t\t\t<\/div>\n\t\t\t\t<\/div>\n\t\t\t\t\t<\/div>\n\t\t<\/div>\n\t\t\t\t\t\t\t<\/div>\n\t\t<\/section>\n\t\t\t\t<section class=\"elementor-section elementor-top-section elementor-element elementor-element-819ea5a elementor-section-boxed elementor-section-height-default elementor-section-height-default wpr-particle-no wpr-jarallax-no wpr-parallax-no wpr-sticky-section-no\" data-id=\"819ea5a\" data-element_type=\"section\">\n\t\t\t\t\t\t<div class=\"elementor-container elementor-column-gap-default\">\n\t\t\t\t\t<div class=\"elementor-column elementor-col-100 elementor-top-column elementor-element elementor-element-dafdee1\" data-id=\"dafdee1\" data-element_type=\"column\">\n\t\t\t<div class=\"elementor-widget-wrap elementor-element-populated\">\n\t\t\t\t\t\t\t\t<div class=\"elementor-element elementor-element-b31d7f1 elementor-widget elementor-widget-text-editor\" data-id=\"b31d7f1\" data-element_type=\"widget\" data-widget_type=\"text-editor.default\">\n\t\t\t\t<div class=\"elementor-widget-container\">\n\t\t\t\t\t\t\t<p>Blog will be written initially in two languages &#8211; Polish and English. It won&#8217;t be direct translation, more like &#8222;sam, same, but different&#8221;, which means, I will be writing on the same topic, but in different language. And I noticed that years ago &#8211; I have different way of explainig things, even thinking in different language, so that may be fun for you. Also my sense of humor vary depending on language.<\/p><p>Blog pocz\u0105tkowo b\u0119dzie w dw\u00f3ch j\u0119zykach &#8211; polskim i angielskim. Nie b\u0119dzie to jednak dok\u0142adne t\u0142umaczenie, czy automatyczne, bardziej na zasadzie &#8222;takie samo, tylko troch\u0119 inne&#8221;, dlatego,\u00a0 \u017ce nie b\u0119d\u0119 u\u017cywa\u0142a t\u0142umacza, czy t\u0142umaczy\u0142a dok\u0142adnie, a pisa\u0142a na ten sam temat ale w innym j\u0119zyku. A poniewa\u017c mam inny styl wypowiedzi, czy nawet my\u015blenia, zale\u017cnie od j\u0119zyka, to tre\u015bci b\u0119d\u0105 si\u0119 nieco r\u00f3\u017cni\u0142y. A tak\u017ce moje poczucie humoru jest zale\u017cne nieco od j\u0119zyka.<\/p>\t\t\t\t\t\t<\/div>\n\t\t\t\t<\/div>\n\t\t\t\t<div class=\"elementor-element elementor-element-5ed84ce elementor-widget-divider--view-line elementor-widget elementor-widget-divider\" data-id=\"5ed84ce\" data-element_type=\"widget\" data-widget_type=\"divider.default\">\n\t\t\t\t<div class=\"elementor-widget-container\">\n\t\t\t\t\t<div class=\"elementor-divider\">\n\t\t\t<span class=\"elementor-divider-separator\">\n\t\t\t\t\t\t<\/span>\n\t\t<\/div>\n\t\t\t\t<\/div>\n\t\t\t\t<\/div>\n\t\t\t\t\t<\/div>\n\t\t<\/div>\n\t\t\t\t\t\t\t<\/div>\n\t\t<\/section>\n\t\t<div class=\"elementor-element elementor-element-0f0713d e-flex e-con-boxed wpr-particle-no wpr-jarallax-no wpr-parallax-no wpr-sticky-section-no e-con e-parent\" data-id=\"0f0713d\" data-element_type=\"container\" data-settings=\"{&quot;content_width&quot;:&quot;boxed&quot;}\" data-core-v316-plus=\"true\">\n\t\t\t\t\t<div class=\"e-con-inner\">\n\t\t\t\t\t<\/div>\n\t\t\t\t<\/div>\n\t\t\t\t\t\t\t<\/div>\n\t\t","protected":false},"excerpt":{"rendered":"<p>Cze\u015b\u0107, to ja, Anna, idea \u017ceby zacz\u0105\u0107 pisa\u0107 poniek\u0105d zrodzi\u0142a si\u0119 w drugiej po\u0142owie 2021 roku, kiedy to dosta\u0142am diagnoz\u0119, a nawet dwie. Ale, od pocz\u0105tku, odk\u0105d pami\u0119tam, moje cia\u0142o dzia\u0142a\u0142o nieco inaczej ni\u017c bym chcia\u0142a. Wi\u0119c kiedy wreszcie samodzielnie trafi\u0142am na trop co to mo\u017ce by\u0107 i znalaz\u0142am lekarza, kt\u00f3ry przez p\u00f3\u0142torej godziny s\u0142ucha\u0142 [&hellip;]<\/p>\n","protected":false},"author":2,"featured_media":0,"parent":0,"menu_order":0,"comment_status":"closed","ping_status":"closed","template":"elementor_canvas","meta":{"footnotes":""},"class_list":["post-1115","page","type-page","status-publish","hentry"],"_links":{"self":[{"href":"https:\/\/blog.matczak.me\/index.php\/wp-json\/wp\/v2\/pages\/1115","targetHints":{"allow":["GET"]}}],"collection":[{"href":"https:\/\/blog.matczak.me\/index.php\/wp-json\/wp\/v2\/pages"}],"about":[{"href":"https:\/\/blog.matczak.me\/index.php\/wp-json\/wp\/v2\/types\/page"}],"author":[{"embeddable":true,"href":"https:\/\/blog.matczak.me\/index.php\/wp-json\/wp\/v2\/users\/2"}],"replies":[{"embeddable":true,"href":"https:\/\/blog.matczak.me\/index.php\/wp-json\/wp\/v2\/comments?post=1115"}],"version-history":[{"count":48,"href":"https:\/\/blog.matczak.me\/index.php\/wp-json\/wp\/v2\/pages\/1115\/revisions"}],"predecessor-version":[{"id":1895,"href":"https:\/\/blog.matczak.me\/index.php\/wp-json\/wp\/v2\/pages\/1115\/revisions\/1895"}],"wp:attachment":[{"href":"https:\/\/blog.matczak.me\/index.php\/wp-json\/wp\/v2\/media?parent=1115"}],"curies":[{"name":"wp","href":"https:\/\/api.w.org\/{rel}","templated":true}]}}